 - 6 = d*t. List the prime factors of t.
2
Suppose -7 - 28 = -5*v. Let g = -631 + 636. Suppose -4*s + g = -v. What are the prime factors of s?
3
Let p(s) = 18*s + 2. Let o(l) = -l. Let n(r) = -10*o(r) - p(r). Let x be (-374)/99 + 4/(-18). What are the prime factors of n(x)?
2, 3, 5
Suppose 4*z - 2*z - 20 = 0. Suppose -p = -u + 3*p + 20, 0 = u + 2*p + z. Suppose r + u*r = 3. What are the prime factors of r?
3
Suppose 3*t = 5*t - q - 48, 0 = 2*t + 5*q - 60. Let j = 28 - t. What are the prime factors of j?
3
Let t(f) = -f**3 - 14*f**2 - f - 25. Let j be t(-13). Let u = j + 329. What are the prime factors of u?
2, 37
Let j(a) = 2482*a - 22. What are the prime factors of j(1)?
2, 3, 5, 41
Suppose 3*s = 2*s. Let r(g) = 2*g**2 + 5*g - 22. Let i be r(-10). Suppose 0 = 4*p - s*p - i. List the prime factors of p.
2
Let f = 30 - -387. What are the prime factors of f?
3, 139
Suppose -2*b + 0*b - 2*x - 30 = 0, 2*b - 5*x + 30 = 0. Let f = 18 + b. Suppose a + 11 = 3*k, -2*k - 14 = 3*a - f. What are the prime factors of k?
2
Suppose 4226 = 11*d + 266. List the prime factors of d.
2, 3, 5
Suppose 0 = 19*l - 17*l - 486. Let i = 374 - l. List the prime factors of i.
131
Suppose 8 + 7 = 5*v. Let j be -45 + v/((-3)/(-2)). Let i = 78 + j. What are the prime factors of i?
5, 7
Let u = 154 - -643. What are the prime factors of u?
797
Suppose 5*t + 56 = -3*w, 3*t + 0*w - 3*w + 48 = 0. Let r be (-185)/(-65) + (-2)/t. Suppose i = r*i - 24. List the prime factors of i.
2, 3
Let w = -40 - -42. Suppose 321 + 117 = 4*v + 2*i, 3*v = -w*i + 331. List the prime factors of v.
107
List the prime factors of 2 + 2 + -7 - -540.
3, 179
Let u = 33 - 26. Suppose 0 = -2*h + u - 13. Let j(d) = 6*d**2 + 5. What are the prime factors of j(h)?
59
Let d = 5 + 5. Let s(m) = 6 + d*m + 10*m - 24*m. List the prime factors of s(-6).
2, 3, 5
Let l(a) = a**3 + 7*a**2 - 7*a + 7. Suppose -3*u = -0*u - 12. What are the prime factors of l(u)?
5, 31
Let r(u) be the second derivative of 5/6*u**3 + 0 - u + 2*u**2 - 1/12*u**4. What are the prime factors of r(5)?
2
Let y(n) = 4*n - 5. Let v = 70 + -60. What are the prime factors of y(v)?
5, 7
Let f(c) = c**3 + 11*c**2 + 11*c + 9. Let p be (-47)/7 - (-4)/(-14). What are the prime factors of f(p)?
2
Suppose -26 - 196 = -3*f. Let o = f + -22. Suppose 4*x + 4*t - 32 = 0, 0 = -4*x - x - t + o. List the prime factors of x.
11
Let d = 6007 + -3293. List the prime factors of d.
2, 23, 59
Let a = -7 - -15. Let v be (a/(-8 - -4))/(-1). Suppose -2*r + 20 = x, r + 15 + v = x. What are the prime factors of x?
2, 3
Suppose -225*b - 28470 = -235*b. List the prime factors of b.
3, 13, 73
Let a be (-6)/4*(0 + -2). Let u be 6 + (8 - 6 - 1)*-1. Suppose -4*r + a*z = -137, -u*r = 3*z - 0*z - 178. List the prime factors of r.
5, 7
Let t = -22 + 28. Suppose t*h = -22 - 356. List the prime factors of (-1)/(3/h) + 4.
5
Let l = 2823 + -1259. List the prime factors of l.
2, 17, 23
Let x = 957 - 641. Let o = -188 + x. What are the prime factors of o?
2
Let n(r) = -12*r + 12. Let q = 17 + -27. List the prime factors of n(q).
2, 3, 11
Let o(j) = -5*j**2 - 4*j. Let f(q) = 4*q**2 + 4*q + 1. Let g(t) = 4*f(t) + 3*o(t). Let i be g(-4). Suppose 0 = i*c - 53 - 27. List the prime factors of c.
2, 5
Let u be 442/(-5) - 16/(-40). Let q = 149 + u. Let i = q - 37. What are the prime factors of i?
2, 3
Let u = -821 + 1178. List the prime factors of u.
3, 7, 17
Let q be 3 + (-1 + -1 - -1). Suppose q*k - 4 = -2*k, 5*f - 2*k = 38. Suppose -f*x + 3*x + 225 = -5*p, -5*x = 2*p - 190. What are the prime factors of x?
2, 5
Suppose -16*v + 750 = -6*v. Let q = -41 + v. List the prime factors of q.
2, 17
Let z be ((-2)/(-1) - 3)*-5. Let h be z + (2 - 5) - 0. Suppose 0 = -5*f - 0*f - g + 34, 0 = h*f - 4*g + 4. List the prime factors of f.
2, 3
Let c = -303 - -650. List the prime factors of c.
347
Let u(g) = -2*g**2 + 15*g + 10. Let c(m) = -m**2 + 8*m + 5. Let d(s) = -5*c(s) + 3*u(s). Let r be d(6). List the prime factors of (-2 - 13*-2) + r.
23
Let l = 8 - 7. Suppose 0 = 4*g - 15 - l. Suppose 3*o = g*r - 229, 285 = 5*r + o - 6*o. What are the prime factors of r?
2, 29
Let u(m) = -4*m + 1. Let y be u(8). Let n = y - -115. Suppose q - 21 = -2*l, 4*q - n = -l - 4*l. List the prime factors of q.
3, 7
Let o = -4 + -45. Let n = o + 286. Suppose -4*y = -2*t + 54, -y - n = -5*t - 66. List the prime factors of t.
5, 7
Let p be (-2 + (-104)/(-56))*-7. Suppose -3 = 2*i - c, 4 = -4*i + 4*c - 0. List the prime factors of (-1 - (i + p)) + 10.
2, 5
Let v be 12/8 - 15/(-6). Let f = v - 2. Suppose d = 2*y + 35, 0 = -f*d - 3*d + 4*y + 181. What are the prime factors of d?
37
Let m = -5640 - -9315. What are the prime factors of m?
3, 5, 7
Let g = -3941 - -6079. What are the prime factors of g?
2, 1069
Let z(m) be the first derivative of m**2 - 9*m + 3. Let w be z(6). Suppose 0 = 5*h - 4*t - 121, 0 = -h + 2*t + w + 26. List the prime factors of h.
3, 7
Suppose -p + 2*z - 1 = 0, -4*z + 7 = -13. Suppose p*h = 4*h - 15. What are the prime factors of (h + (-9)/(-5))*-45?
2, 3
Let z = 8210 - 5111. List the prime factors of z.
3, 1033
Let v = -18 + 24. Suppose -4*r + 726 = -2*k, -2*k + 0*k = -v. List the prime factors of r.
3, 61
Suppose 4*m + 4*i = -m + 13, -3*i - 29 = -4*m. What are the prime factors of m/(-1) + (-218)/(-1)?
3, 71
Let m(l) = l**3 + 13*l**2 + 28*l - 12. List the prime factors of m(-8).
2, 3, 7
Let l(d) = 2*d**3 + 7*d**2 - 20*d + 3. List the prime factors of l(2).
7
Let b(l) = 8*l + 2. List the prime factors of b(2).
2, 3
Suppose -17 = -4*o - 1. Suppose -10 = o*y - 18. Suppose -n = y*b - 36, n + 2*b = -b + 35. What are the prime factors of n?
2, 19
Let h be ((-190)/15)/(3/(-234)). Suppose 20 = 4*v - h. List the prime factors of v.
2, 3, 7
List the prime factors of (-1773 + (-21)/(-7))*(-3)/5.
2, 3, 59
Let g be 1 + 2 + -4 + -1. Let m be (2 - 7)/(g + 1). Suppose -m*x + 2*x = 0, -8 = -2*u + 3*x. List the prime factors of u.
2
Let h be (2*-1)/(2/(-4)). Suppose -h*k + 290 = -30. List the prime factors of k.
2, 5
Let p be 1/(2 - (-15)/(-9)). Suppose 3*l + 9 = -2*a, 4*l - p*a = 1 + 4. List the prime factors of (l - -2) + (0 - -12).
13
Let d(o) = 2*o**3 - 34*o**2 + 12*o + 28. What are the prime factors of d(17)?
2, 29
Let q(g) = -g**3 + 9*g**2 + 18*g + 9. Let p be q(11). Let t = 68 + p. What are the prime factors of t?
3, 11
Let l be (-93)/(-12)*(-64)/(-4). Let p = 316 - l. Suppose p = d + 2*d. List the prime factors of d.
2
Let o = -7 - -9. What are the prime factors of o - (3 + (-108)/4)?
2, 13
Let q = -54 - -218. Suppose 4*l - q = 288. List the prime factors of l.
113
Let s = -62 - -57. Let a(r) be the first derivative of -r**4/4 - 2*r**3/3 + 4*r**2 - 6*r + 2. List the prime factors of a(s).
29
Suppose -2760 = -4*l + 6*o - 5*o, 2069 = 3*l - o. What are the prime factors of l?
691
Let q(z) = -z**3 - 2*z + 25. Let d be q(0). Suppose -3*w - 63 = -j + 5*j, 0 = w + 5. Let h = d + j. What are the prime factors of h?
13
Let s be (-5)/40 + (-66)/(-16). What are the prime factors of 4/(1/s + (-116)/528)?
2, 3, 11
What are the prime factors of 179*(-31)/(-2) - 5/(-10)?
3, 5, 37
Suppose -3*p = 3*k - 1794, 5*p + 1256 = 4*k - 1118. List the prime factors of k.
2, 149
What are the prime factors of ((-120)/16 - -13)*558?
3, 11, 31
Suppose -2*l - 188 - 87 = -q, 1061 = 4*q + 5*l. What are the prime factors of q?
269
Let g = -403 + 409. Let h be (15 - 1) + 2*-1. Let o = h + g. List the prime factors of o.
2, 3
Suppose 33 + 27 = 2*m. What are the prime factors of m?
2, 3, 5
Let r(g) = g**2 + 14*g + 88. Let k be r(-8). Let o(f) = 2*f + 3. Let h be o(3). Let s = k - h. What are the prime factors of s?
31
Suppose -4*o - 5*f = -3*o - 18, 2*f = 3*o - 54. Suppose -g + o = -8. List the prime factors of 143/g + 3/2.
7
Suppose -z - z - a = -19, -4*a - 14 = -2*z. Let l be (z/(-2))/((-12)/32). Suppose -1 = g - l. What are the prime factors of g?
11
Let c(x) = -4*x + 0*x + 29 - 31. Let q be c(-2). Let h(o) = o**2 - o - 8. List the prime factors of h(q).
2, 11
Let b(m) = m**2 + 4*m + 7. Let w be b(-6). Suppose -4*d - p - 4*p = -w, 5*d - 2*p = 32. List the prime factors of d.
2, 3
Let d = -7 + 18. Suppose d*i = 9*i + 148. What are the prime factors of i?
2, 37
Suppose -c - 4*m + 50 = c, 0 = 2*m - 2. Suppose c = o - 1. List the prime factors of (-7)/(